{"id":20,"date":"2019-02-13T19:38:06","date_gmt":"2019-02-13T18:38:06","guid":{"rendered":"http:\/\/www.ginnasticarosignano.com\/sport\/?page_id=20"},"modified":"2019-06-25T10:38:01","modified_gmt":"2019-06-25T08:38:01","slug":"storia","status":"publish","type":"page","link":"https:\/\/www.ginnasticarosignano.com\/sport\/storia\/","title":{"rendered":"Storia"},"content":{"rendered":"<p>La Ginnastica Rosignano nasce nel 1992 con la fusione dell\u2019attivit\u00e0 di ginnastica artistica del Centro Uisp Rosignano e quella della Libertas, due enti storici del nostro Comune, che da anni svolgevano questa disciplina; la societ\u00e0 neonata aveva come presidente Baldi Mauro e faceva solo attivit\u00e0 di ginnastica artistica femminile; a quel tempo la nostra attivit\u00e0 si svolgeva al palazzetto dello sport, con poca attrezzatura, tre giorni alla settimana, il responsabile tecnico dell\u2019attivit\u00e0 era Elena Bonsignori.<\/p>\n<p>&nbsp;<\/p>\n<p><img loading=\"lazy\" class=\"wp-image-200 size-medium alignleft\" src=\"https:\/\/www.ginnasticarosignano.com\/sport\/wp-content\/uploads\/2019\/04\/51699058_812572802423127_7457868662603513856_n-300x212.jpg\" alt=\"\" width=\"300\" height=\"212\" srcset=\"https:\/\/www.ginnasticarosignano.com\/sport\/wp-content\/uploads\/2019\/04\/51699058_812572802423127_7457868662603513856_n-300x212.jpg 300w, https:\/\/www.ginnasticarosignano.com\/sport\/wp-content\/uploads\/2019\/04\/51699058_812572802423127_7457868662603513856_n-768x543.jpg 768w, https:\/\/www.ginnasticarosignano.com\/sport\/wp-content\/uploads\/2019\/04\/51699058_812572802423127_7457868662603513856_n-425x301.jpg 425w, https:\/\/www.ginnasticarosignano.com\/sport\/wp-content\/uploads\/2019\/04\/51699058_812572802423127_7457868662603513856_n.jpg 960w\" sizes=\"(max-width: 300px) 100vw, 300px\" \/>Fin dai primi anni la societ\u00e0 si \u00e8 prodigata per incentivare la disciplina organizzando gare e Campionati Nazionali UISP, il primo campionato organizzato come Ginnastica Rosignano \u00e8 stato nel 1994.<\/p>\n<figure id=\"attachment_303\" aria-describedby=\"caption-attachment-303\" style=\"width: 300px\" class=\"wp-caption alignright\"><img loading=\"lazy\" class=\"wp-image-303 size-medium\" src=\"https:\/\/www.ginnasticarosignano.com\/sport\/wp-content\/uploads\/2019\/06\/Atleta-dellanno-1994-300x201.jpg\" alt=\"\" width=\"300\" height=\"201\" srcset=\"https:\/\/www.ginnasticarosignano.com\/sport\/wp-content\/uploads\/2019\/06\/Atleta-dellanno-1994-300x201.jpg 300w, https:\/\/www.ginnasticarosignano.com\/sport\/wp-content\/uploads\/2019\/06\/Atleta-dellanno-1994-768x515.jpg 768w, https:\/\/www.ginnasticarosignano.com\/sport\/wp-content\/uploads\/2019\/06\/Atleta-dellanno-1994-1024x687.jpg 1024w, https:\/\/www.ginnasticarosignano.com\/sport\/wp-content\/uploads\/2019\/06\/Atleta-dellanno-1994-425x285.jpg 425w, https:\/\/www.ginnasticarosignano.com\/sport\/wp-content\/uploads\/2019\/06\/Atleta-dellanno-1994.jpg 1059w\" sizes=\"(max-width: 300px) 100vw, 300px\" \/><figcaption id=\"caption-attachment-303\" class=\"wp-caption-text\">Atleta dell&#8217;anno 1994<\/figcaption><\/figure>\n<p>Nel 1996, abbiamo accolto, dietro richiesta del Centro Uisp Rosignano, l&#8217;attivit\u00e0 di ritmica, attivit\u00e0 che era nata da pochi anni nel nostro Comune e a quel tempo poco conosciuta, la responsabile tecnica e fondatrice di questo settore era Claudia Messina.<\/p>\n<p>Intanto la societ\u00e0 continuava nella sua politica di organizzazioni di eventi, che ci hanno permesso nel corso degli anni di diventare una delle societ\u00e0 pi\u00f9 importanti nel Comune e infatti nel 1999 in occasione di un\u2019organizzazione di un Campionato Nazionale di ginnastica artistica femminile l\u2019amministrazione ha provveduto all&#8217;acquisto di tutta l\u2019attrezzatura occorrente per l\u2019attivit\u00e0 di tutte e tre le discipline, attrezzatura che per i primi anni non abbiamo potuto sfruttare, poich\u00e9 al palazzetto dello sport non era possibile tenerla montata e fino al 2002 \u00e8 rimasta accantonata in un magazzino Comunale.<\/p>\n<p>&nbsp;<\/p>\n<p><img loading=\"lazy\" class=\"wp-image-306 size-medium alignleft\" src=\"https:\/\/www.ginnasticarosignano.com\/sport\/wp-content\/uploads\/2019\/06\/Campionato-nazionale-2002.1-300x199.jpg\" alt=\"\" width=\"300\" height=\"199\" srcset=\"https:\/\/www.ginnasticarosignano.com\/sport\/wp-content\/uploads\/2019\/06\/Campionato-nazionale-2002.1-300x199.jpg 300w, https:\/\/www.ginnasticarosignano.com\/sport\/wp-content\/uploads\/2019\/06\/Campionato-nazionale-2002.1-768x510.jpg 768w, https:\/\/www.ginnasticarosignano.com\/sport\/wp-content\/uploads\/2019\/06\/Campionato-nazionale-2002.1-425x282.jpg 425w, https:\/\/www.ginnasticarosignano.com\/sport\/wp-content\/uploads\/2019\/06\/Campionato-nazionale-2002.1.jpg 1017w\" sizes=\"(max-width: 300px) 100vw, 300px\" \/>L&#8217;anno 2002 ha segnato una svolta decisiva nella crescita della societ\u00e0, perch\u00e9 nel novembre 2002, dopo tante lotte, \u00e8 stata inaugurata la palestra \u201cMatteo Picchi\u201d, nata per le nostre attivit\u00e0, e finalmente abbiamo potuto prendere possesso delle nuove attrezzature, che altrimenti si sarebbero deteriorate negli scantinati.<\/p>\n<p>&nbsp;<\/p>\n<p><img loading=\"lazy\" class=\"wp-image-307 size-medium alignright\" src=\"https:\/\/www.ginnasticarosignano.com\/sport\/wp-content\/uploads\/2019\/06\/Campionato-nazionale-2002.2-300x199.jpg\" alt=\"\" width=\"300\" height=\"199\" srcset=\"https:\/\/www.ginnasticarosignano.com\/sport\/wp-content\/uploads\/2019\/06\/Campionato-nazionale-2002.2-300x199.jpg 300w, https:\/\/www.ginnasticarosignano.com\/sport\/wp-content\/uploads\/2019\/06\/Campionato-nazionale-2002.2-768x510.jpg 768w, https:\/\/www.ginnasticarosignano.com\/sport\/wp-content\/uploads\/2019\/06\/Campionato-nazionale-2002.2-425x282.jpg 425w, https:\/\/www.ginnasticarosignano.com\/sport\/wp-content\/uploads\/2019\/06\/Campionato-nazionale-2002.2.jpg 1017w\" sizes=\"(max-width: 300px) 100vw, 300px\" \/>Per l&#8217;inaugurazione della palestra la nostra societ\u00e0, con l\u2019appoggio dall&#8217;amministrazione Comunale, che nel corso degli anni ha sempre avuto una stima profonda nel nostro operato, ha organizzato un incontro internazionale di ginnastica artistica femminile Italia-Spagna alla manifestazione erano presenti autorit\u00e0 importanti come il presidente nazionale il prof. Agabio e giudici internazionali provenienti da tutta Europa e anche da Israele; tre giorni intensi ma di soddisfazione immensa, il pubblico era numerosissimo e tanti non riuscirono ad entrare, la societ\u00e0 si \u00e8 resa orgogliosa di mostrare un campo gara da competizione montato di tutto punto: \u201cun successo\u201d.<\/p>\n<p>&nbsp;<\/p>\n<p>Con l\u2019ingresso alla palestra M. Picchi la nostra attivit\u00e0 ha avuto sicuramente un salto di qualit\u00e0, perch\u00e9 finalmente potevamo usufruire di un\u2019attrezzatura all&#8217;avanguardia, e gli istruttori, guidati dai Responsabili Tecnici Valentina Taffi e Claudia Messina, furono stimolati a raggiungere traguardi che fino a quel momento erano inimmaginabili, ed \u00e8 per questo che il gruppo dirigenziale, che ha sempre dimostrato il suo attaccamento alla societ\u00e0, ha continuato ad organizzare eventi per tenere alto il nome della ginnastica Rosignano, iniziando nel 2003 con l\u2019organizzazione del primo campionato nazionale UISP di ginnastica ritmica, e nel 2005 quello di artistica femminile, per poi continuare negli anni ad organizzare continui eventi, fino ad arrivare a organizzare per la prima volta il campionato nazionale maschile UISP.<\/p>\n<p>&nbsp;<\/p>\n<p>L\u2019amministrazione comunale ha voluto premiare questa societ\u00e0 in occasione del \u201cpremio letterario Castiglioncello\u201d nell&#8217;agosto 2007 consegnandoci una targa in segno di riconoscimento per il duro e prolungato lavoro che questa societ\u00e0 ha svolto per il beneficio di tutti i concittadini di Rosignano. Un premio speciale per il turismo, che viene assegnato alle personalit\u00e0 che hanno contribuito a far conoscere e valorizzare la Costa degli Etruschi e che in passato \u00e8 stato assegnato a personaggi importanti come Carlo Azelio Ciampi, Oliviero Toscani, Sara Fergusson e Paolo Virz\u00ec.<\/p>\n<p>&nbsp;<\/p>\n<p>Il 2007 \u00e8 stato un anno importante che ha visto l\u2019inizio di una nuova era per la ginnastica maschile: inserita nella societ\u00e0 dal 1998, non aveva mai avuto modo di crescere, poi l\u2019arrivo dell\u2019istruttore Lorenzo Nencini ha portato in breve tempo questo settore, a competere ad armi pari con le migliori e storiche societ\u00e0 della Toscana.<\/p>\n<p>&nbsp;<\/p>\n<p>Las Ginnastica Rosignano, ormai composta da tre settori (artistica femminile, ritmica e artistica maschile) ha continuato ad impegnarsi per la promozione dello sport nel nostro territorio organizzando vari eventi di livello regionale e nazionale, tra i quali spiccano il campionato nazionale UISP di Acrogym nel 2011 e di artistica femminile nel 2013.<\/p>\n<p>&nbsp;<\/p>\n<p>Dal 2011, grazie all\u2019aggiunta tra le nostre fila dell\u2019istruttore Domenico Spurio, la Ginnastica Rosignano si \u00e8 arricchita di un settore di acrobatica dedicato ad adulti ed ex atleti, che mira a coinvolgere in un\u2019attivit\u00e0 non agonistica tutti gli appassionati di ginnastica over 16.<\/p>\n<div class=\"mceTemp\"><\/div>\n<figure id=\"attachment_312\" aria-describedby=\"caption-attachment-312\" style=\"width: 300px\" class=\"wp-caption alignnone\"><img loading=\"lazy\" class=\"wp-image-312 size-medium\" src=\"https:\/\/www.ginnasticarosignano.com\/sport\/wp-content\/uploads\/2019\/06\/gemellaggio-Cecoslovacchia-italia-francia-1995.1-300x197.jpg\" alt=\"\" width=\"300\" height=\"197\" srcset=\"https:\/\/www.ginnasticarosignano.com\/sport\/wp-content\/uploads\/2019\/06\/gemellaggio-Cecoslovacchia-italia-francia-1995.1-300x197.jpg 300w, https:\/\/www.ginnasticarosignano.com\/sport\/wp-content\/uploads\/2019\/06\/gemellaggio-Cecoslovacchia-italia-francia-1995.1-768x505.jpg 768w, https:\/\/www.ginnasticarosignano.com\/sport\/wp-content\/uploads\/2019\/06\/gemellaggio-Cecoslovacchia-italia-francia-1995.1-425x279.jpg 425w, https:\/\/www.ginnasticarosignano.com\/sport\/wp-content\/uploads\/2019\/06\/gemellaggio-Cecoslovacchia-italia-francia-1995.1.jpg 884w\" sizes=\"(max-width: 300px) 100vw, 300px\" \/><figcaption id=\"caption-attachment-312\" class=\"wp-caption-text\">Gemellaggio Italia Repubblica Ceca 1995 Rosignano Marittimo &#8211; Champigny sur marne &#8211; Pardubice<\/figcaption><\/figure>\n<figure id=\"attachment_313\" aria-describedby=\"caption-attachment-313\" style=\"width: 300px\" class=\"wp-caption alignnone\"><img loading=\"lazy\" class=\"wp-image-313 size-medium\" src=\"https:\/\/www.ginnasticarosignano.com\/sport\/wp-content\/uploads\/2019\/06\/gemellaggio-Cecoslovacchia-italia-francia-1995.2-300x197.jpg\" alt=\"\" width=\"300\" height=\"197\" srcset=\"https:\/\/www.ginnasticarosignano.com\/sport\/wp-content\/uploads\/2019\/06\/gemellaggio-Cecoslovacchia-italia-francia-1995.2-300x197.jpg 300w, https:\/\/www.ginnasticarosignano.com\/sport\/wp-content\/uploads\/2019\/06\/gemellaggio-Cecoslovacchia-italia-francia-1995.2-768x505.jpg 768w, https:\/\/www.ginnasticarosignano.com\/sport\/wp-content\/uploads\/2019\/06\/gemellaggio-Cecoslovacchia-italia-francia-1995.2-425x279.jpg 425w, https:\/\/www.ginnasticarosignano.com\/sport\/wp-content\/uploads\/2019\/06\/gemellaggio-Cecoslovacchia-italia-francia-1995.2.jpg 884w\" sizes=\"(max-width: 300px) 100vw, 300px\" \/><figcaption id=\"caption-attachment-313\" class=\"wp-caption-text\">Gemellaggio Italia Repubblica Ceca Francia1995 Rosignano Marittimo &#8211; Champigny sur marne &#8211; Pardubice<\/figcaption><\/figure>\n<figure id=\"attachment_314\" aria-describedby=\"caption-attachment-314\" style=\"width: 300px\" class=\"wp-caption alignnone\"><img loading=\"lazy\" class=\"wp-image-314 size-medium\" src=\"https:\/\/www.ginnasticarosignano.com\/sport\/wp-content\/uploads\/2019\/06\/Gemellaggio-Italia-repubblica-ceca-1996-300x197.jpg\" alt=\"\" width=\"300\" height=\"197\" srcset=\"https:\/\/www.ginnasticarosignano.com\/sport\/wp-content\/uploads\/2019\/06\/Gemellaggio-Italia-repubblica-ceca-1996-300x197.jpg 300w, https:\/\/www.ginnasticarosignano.com\/sport\/wp-content\/uploads\/2019\/06\/Gemellaggio-Italia-repubblica-ceca-1996-768x505.jpg 768w, https:\/\/www.ginnasticarosignano.com\/sport\/wp-content\/uploads\/2019\/06\/Gemellaggio-Italia-repubblica-ceca-1996-425x279.jpg 425w, https:\/\/www.ginnasticarosignano.com\/sport\/wp-content\/uploads\/2019\/06\/Gemellaggio-Italia-repubblica-ceca-1996.jpg 884w\" sizes=\"(max-width: 300px) 100vw, 300px\" \/><figcaption id=\"caption-attachment-314\" class=\"wp-caption-text\">Gemellaggio Italia Repubblica Ceca 1996<\/figcaption><\/figure>\n<figure id=\"attachment_304\" aria-describedby=\"caption-attachment-304\" style=\"width: 300px\" class=\"wp-caption alignnone\"><img loading=\"lazy\" class=\"wp-image-304 size-medium\" src=\"https:\/\/www.ginnasticarosignano.com\/sport\/wp-content\/uploads\/2019\/06\/Campionato-italiano-1999.1-300x199.jpg\" alt=\"\" width=\"300\" height=\"199\" srcset=\"https:\/\/www.ginnasticarosignano.com\/sport\/wp-content\/uploads\/2019\/06\/Campionato-italiano-1999.1-300x199.jpg 300w, https:\/\/www.ginnasticarosignano.com\/sport\/wp-content\/uploads\/2019\/06\/Campionato-italiano-1999.1-768x510.jpg 768w, https:\/\/www.ginnasticarosignano.com\/sport\/wp-content\/uploads\/2019\/06\/Campionato-italiano-1999.1-425x282.jpg 425w, https:\/\/www.ginnasticarosignano.com\/sport\/wp-content\/uploads\/2019\/06\/Campionato-italiano-1999.1.jpg 1017w\" sizes=\"(max-width: 300px) 100vw, 300px\" \/><figcaption id=\"caption-attachment-304\" class=\"wp-caption-text\">Campionato Nazionale UISP 1999<\/figcaption><\/figure>\n<figure id=\"attachment_305\" aria-describedby=\"caption-attachment-305\" style=\"width: 300px\" class=\"wp-caption alignnone\"><img loading=\"lazy\" class=\"wp-image-305 size-medium\" src=\"https:\/\/www.ginnasticarosignano.com\/sport\/wp-content\/uploads\/2019\/06\/Campionato-italiano-1999.2-300x199.jpg\" alt=\"\" width=\"300\" height=\"199\" srcset=\"https:\/\/www.ginnasticarosignano.com\/sport\/wp-content\/uploads\/2019\/06\/Campionato-italiano-1999.2-300x199.jpg 300w, https:\/\/www.ginnasticarosignano.com\/sport\/wp-content\/uploads\/2019\/06\/Campionato-italiano-1999.2-768x510.jpg 768w, https:\/\/www.ginnasticarosignano.com\/sport\/wp-content\/uploads\/2019\/06\/Campionato-italiano-1999.2-425x282.jpg 425w, https:\/\/www.ginnasticarosignano.com\/sport\/wp-content\/uploads\/2019\/06\/Campionato-italiano-1999.2.jpg 1017w\" sizes=\"(max-width: 300px) 100vw, 300px\" \/><figcaption id=\"caption-attachment-305\" class=\"wp-caption-text\">Campionato Nazionale UISP 1999<\/figcaption><\/figure>\n<figure id=\"attachment_310\" aria-describedby=\"caption-attachment-310\" style=\"width: 300px\" class=\"wp-caption alignnone\"><img loading=\"lazy\" class=\"wp-image-310 size-medium\" src=\"https:\/\/www.ginnasticarosignano.com\/sport\/wp-content\/uploads\/2019\/06\/campionato-nazionale-uisp-1994.3-300x202.jpg\" alt=\"\" width=\"300\" height=\"202\" srcset=\"https:\/\/www.ginnasticarosignano.com\/sport\/wp-content\/uploads\/2019\/06\/campionato-nazionale-uisp-1994.3-300x202.jpg 300w, https:\/\/www.ginnasticarosignano.com\/sport\/wp-content\/uploads\/2019\/06\/campionato-nazionale-uisp-1994.3-768x518.jpg 768w, https:\/\/www.ginnasticarosignano.com\/sport\/wp-content\/uploads\/2019\/06\/campionato-nazionale-uisp-1994.3-425x286.jpg 425w, https:\/\/www.ginnasticarosignano.com\/sport\/wp-content\/uploads\/2019\/06\/campionato-nazionale-uisp-1994.3.jpg 945w\" sizes=\"(max-width: 300px) 100vw, 300px\" \/><figcaption id=\"caption-attachment-310\" class=\"wp-caption-text\">Campionato Nazionale UISP 1994<\/figcaption><\/figure>\n<figure id=\"attachment_309\" aria-describedby=\"caption-attachment-309\" style=\"width: 300px\" class=\"wp-caption alignnone\"><img loading=\"lazy\" class=\"wp-image-309 size-medium\" src=\"https:\/\/www.ginnasticarosignano.com\/sport\/wp-content\/uploads\/2019\/06\/campionato-nazionale-uisp-1994.2-300x202.jpg\" alt=\"\" width=\"300\" height=\"202\" srcset=\"https:\/\/www.ginnasticarosignano.com\/sport\/wp-content\/uploads\/2019\/06\/campionato-nazionale-uisp-1994.2-300x202.jpg 300w, https:\/\/www.ginnasticarosignano.com\/sport\/wp-content\/uploads\/2019\/06\/campionato-nazionale-uisp-1994.2-768x518.jpg 768w, https:\/\/www.ginnasticarosignano.com\/sport\/wp-content\/uploads\/2019\/06\/campionato-nazionale-uisp-1994.2-425x286.jpg 425w, https:\/\/www.ginnasticarosignano.com\/sport\/wp-content\/uploads\/2019\/06\/campionato-nazionale-uisp-1994.2.jpg 945w\" sizes=\"(max-width: 300px) 100vw, 300px\" \/><figcaption id=\"caption-attachment-309\" class=\"wp-caption-text\">Campionato Nazionale UISP 1994<\/figcaption><\/figure>\n<figure id=\"attachment_308\" aria-describedby=\"caption-attachment-308\" style=\"width: 300px\" class=\"wp-caption alignnone\"><img loading=\"lazy\" class=\"wp-image-308 size-medium\" src=\"https:\/\/www.ginnasticarosignano.com\/sport\/wp-content\/uploads\/2019\/06\/campionato-nazionale-uisp-1994.1-300x198.jpg\" alt=\"\" width=\"300\" height=\"198\" srcset=\"https:\/\/www.ginnasticarosignano.com\/sport\/wp-content\/uploads\/2019\/06\/campionato-nazionale-uisp-1994.1-300x198.jpg 300w, https:\/\/www.ginnasticarosignano.com\/sport\/wp-content\/uploads\/2019\/06\/campionato-nazionale-uisp-1994.1-768x507.jpg 768w, https:\/\/www.ginnasticarosignano.com\/sport\/wp-content\/uploads\/2019\/06\/campionato-nazionale-uisp-1994.1-425x281.jpg 425w, https:\/\/www.ginnasticarosignano.com\/sport\/wp-content\/uploads\/2019\/06\/campionato-nazionale-uisp-1994.1.jpg 884w\" sizes=\"(max-width: 300px) 100vw, 300px\" \/><figcaption id=\"caption-attachment-308\" class=\"wp-caption-text\">Campionato Nazionale UISP 1994<\/figcaption><\/figure>\n<figure id=\"attachment_311\" aria-describedby=\"caption-attachment-311\" style=\"width: 300px\" class=\"wp-caption alignnone\"><img loading=\"lazy\" class=\"wp-image-311 size-medium\" src=\"https:\/\/www.ginnasticarosignano.com\/sport\/wp-content\/uploads\/2019\/06\/gemellaggio-1988-italia-cecoslovacchia-300x198.jpg\" alt=\"\" width=\"300\" height=\"198\" srcset=\"https:\/\/www.ginnasticarosignano.com\/sport\/wp-content\/uploads\/2019\/06\/gemellaggio-1988-italia-cecoslovacchia-300x198.jpg 300w, https:\/\/www.ginnasticarosignano.com\/sport\/wp-content\/uploads\/2019\/06\/gemellaggio-1988-italia-cecoslovacchia-768x507.jpg 768w, https:\/\/www.ginnasticarosignano.com\/sport\/wp-content\/uploads\/2019\/06\/gemellaggio-1988-italia-cecoslovacchia-425x281.jpg 425w, https:\/\/www.ginnasticarosignano.com\/sport\/wp-content\/uploads\/2019\/06\/gemellaggio-1988-italia-cecoslovacchia.jpg 884w\" sizes=\"(max-width: 300px) 100vw, 300px\" \/><figcaption id=\"caption-attachment-311\" class=\"wp-caption-text\">Gemellaggio Italia Cecoslovacchia 1988<\/figcaption><\/figure>\n","protected":false},"excerpt":{"rendered":"<p>La Ginnastica Rosignano nasce nel 1992 con la fusione dell\u2019attivit\u00e0 di ginnastica artistica del Centro Uisp Rosignano e quella della Libertas, due enti storici del nostro Comune, che da anni svolgevano questa disciplina; la societ\u00e0 neonata aveva come presidente Baldi Mauro e faceva solo attivit\u00e0 di ginnastica artistica femminile; a quel tempo la nostra attivit\u00e0 si svolgeva al palazzetto dello sport, con poca attrezzatura, tre giorni alla settimana, il responsabile tecnico dell\u2019attivit\u00e0 era Elena Bonsignori. &nbsp; Fin dai primi anni la societ\u00e0 si \u00e8 prodigata per incentivare la disciplina organizzando gare e Campionati Nazionali UISP, il primo campionato organizzato come Ginnastica Rosignano \u00e8 stato nel<a class=\"more-link\" href=\"https:\/\/www.ginnasticarosignano.com\/sport\/storia\/\"><span>CONTINUA A LEGGERE <\/span><\/a><\/p>\n","protected":false},"author":1,"featured_media":0,"parent":0,"menu_order":0,"comment_status":"closed","ping_status":"closed","template":"","meta":{"ngg_post_thumbnail":0},"_links":{"self":[{"href":"https:\/\/www.ginnasticarosignano.com\/sport\/wp-json\/wp\/v2\/pages\/20"}],"collection":[{"href":"https:\/\/www.ginnasticarosignano.com\/sport\/wp-json\/wp\/v2\/pages"}],"about":[{"href":"https:\/\/www.ginnasticarosignano.com\/sport\/wp-json\/wp\/v2\/types\/page"}],"author":[{"embeddable":true,"href":"https:\/\/www.ginnasticarosignano.com\/sport\/wp-json\/wp\/v2\/users\/1"}],"replies":[{"embeddable":true,"href":"https:\/\/www.ginnasticarosignano.com\/sport\/wp-json\/wp\/v2\/comments?post=20"}],"version-history":[{"count":8,"href":"https:\/\/www.ginnasticarosignano.com\/sport\/wp-json\/wp\/v2\/pages\/20\/revisions"}],"predecessor-version":[{"id":318,"href":"https:\/\/www.ginnasticarosignano.com\/sport\/wp-json\/wp\/v2\/pages\/20\/revisions\/318"}],"wp:attachment":[{"href":"https:\/\/www.ginnasticarosignano.com\/sport\/wp-json\/wp\/v2\/media?parent=20"}],"curies":[{"name":"wp","href":"https:\/\/api.w.org\/{rel}","templated":true}]}}